t of a?
8
Let v(y) = y - 2. Let n be v(2). Suppose a + n*a + 4*k = -2, 4*k - 10 = -3*a. What is the units digit of (a - (-2)/2) + 1?
8
Let q be (-6)/4*(-2)/3. Suppose 2*m = q + 5. Suppose -v - 36 = -m*v. What is the units digit of v?
8
Let f = -1 + 2. Suppose -4*d = -3*d - 4. What is the units digit of f/d - (-11)/4?
3
Let x(g) = 10*g**3 - g**2 + 4*g - 10. What is the tens digit of x(2)?
7
Let r(w) = -2*w. Let z be r(-3). Let c = 14 - z. Let s(g) = g**2 - 8*g + 4. What is the units digit of s(c)?
4
Let k be 2/(-7) - (-48)/21. Suppose -x + k*x = 12. What is the units digit of x?
2
Suppose 0 = -a + w + 6, 4*a - w - 30 = 3. What is the units digit of a?
9
Let t = 16 - 7. Suppose 0 = -12*p + t*p + 9. What is the units digit of p?
3
Suppose z - 70 = -2*m - z, 113 = 3*m + 5*z. What is the units digit of m?
1
What is the tens digit of (48/5)/(7/35)?
4
Suppose -2*k + 205 = -r + 2*r, 2*k = -3*r + 207. What is the tens digit of k?
0
Suppose q - 147 = 99. Let t = -155 + q. Suppose 0 = -5*u - 3*c + t, -4*u - 27 = -5*c - 85. What is the units digit of u?
7
Let g(o) = o**2 + 9*o - 14. Let u be g(-10). What is the units digit of (-9)/12 + (-23)/u?
5
Suppose 82*o + 668 = 84*o. What is the hundreds digit of o?
3
Let z = 9 - 5. Let x(w) = w**3 + w**2 + 1. Let m(k) = 6*k**2 - 2*k - 3. Let i(y) = m(y) - x(y). What is the units digit of i(z)?
4
What is the tens digit of (-15)/(-1) + 1*0/(-1)?
1
Let z = -1 + 3. Suppose 0 = z*l + 3*q - 8, 0 = 5*l - 3*q + 10 - 30. Suppose -3*w + w = l*y + 2, 4*w - 3*y - 40 = 0. What is the units digit of w?
7
Let n = -99 - -175. What is the units digit of n?
6
Suppose u + 55 = 2*g, -g = -5*g - 5*u + 89. What is the tens digit of g?
2
Let v be (-8)/(-12) + 37/3. Let t = v - 18. Let p = t + 13. What is the units digit of p?
8
Let c(i) = -i**2 + 8*i + 7. Let k be c(9). What is the units digit of (0 - 10)*k/4?
5
Suppose 0 = -x + 2*p + 4 + 56, x - 78 = -4*p. What is the tens digit of x?
6
What is the tens digit of (28 - 2)/(10/15)?
3
Suppose 5*c + 8 = s, 2*s + 6 = -c - 0. What is the tens digit of 14 - (-7 - s - -3)?
1
Let d = -173 + 295. What is the units digit of d?
2
Let m(k) = 5*k - 5. Let v be m(4). Suppose 0 = 2*x - 3*x. Suppose x = -0*o - 3*o + v. What is the units digit of o?
5
Suppose -3*a + r = -17, -4*a + 4*r = -12 - 0. Let c = a + -5. Suppose -2*q - c*q - l = -49, 0 = -3*q + 4*l + 13. What is the tens digit of q?
1
Let d(u) = u**3 + 11*u**2 + 9*u + 2. Let m be d(-10). Let w be (m/(-7))/((-5)/35). Suppose 0 = -2*k + w + 12. What is the tens digit of k?
1
Suppose -5*y + 3*k = k - 105, -3*y + 4*k = -49. What is the tens digit of y?
2
Suppose -u + 2*u = 24. Suppose -3*b + u = -t - 3, 0 = -4*b + t + 37. What is the units digit of b?
0
Let z = -8 - -26. Suppose 2*l = l + z. What is the tens digit of l?
1
Let x(y) = 12*y - 17. What is the tens digit of x(12)?
2
Suppose -3*p + 58 = -2. Suppose p + 80 = 4*u. What is the tens digit of u?
2
Let d(v) = -10*v - 6. What is the tens digit of d(-5)?
4
Suppose p = 1 + 1. Suppose -p*t - 5*t + 392 = 0. What is the tens digit of t?
5
Suppose -7 + 19 = 3*i. Suppose i*q - 6 - 14 = 0. What is the units digit of q?
5
What is the units digit of (-4)/(((-20)/34)/5)?
4
What is the units digit of (-3)/6*4 + 7?
5
Let s(f) = -f**3 + 6*f**2 - f + 10. What is the units digit of s(6)?
4
Let g(o) = -2*o + 4*o - 2 - o**2 + 8*o - 1. What is the units digit of g(9)?
6
What is the tens digit of (-50)/75*(-405 - 0)?
7
Let o(q) be the second derivative of q**3 + q**2 - 2*q + 0 - 1/12*q**4. What is the units digit of o(5)?
7
Suppose y = -2*s - 25, -s + 3*s + 55 = -3*y. Let z = y - -21. What is the units digit of z?
6
Let h be (0 - 0) + (-30)/(-2). Let q be (-1)/(-5) - (-72)/h. Suppose q*j - 20 = -0*j. What is the units digit of j?
4
Let l(t) = t + 6. Suppose -w = -2*w - 6. Let m be l(w). Suppose m*d + 3*d = 15. What is the units digit of d?
5
Let m(h) = -h - 2*h**2 - h - 2*h - 1 - 21*h**3 + 2*h. What is the tens digit of m(-1)?
2
Suppose -2*q + 200 = 5*d, 3*d = -4*q + 108 + 26. Suppose -4*v - 2 = -d. What is the units digit of v?
9
Let g(o) = -o**2 - 7*o - 4. Let i be g(-6). What is the tens digit of i + -3 - -14 - -1?
1
Suppose 0*b = b. Suppose b = -5*f + f. Let s(q) = q**3 - q**2 + q + 1. What is the units digit of s(f)?
1
Suppose 0*x - 2 = -3*k - 2*x, 4*k = -x + 6. Suppose -4*t = -2*z - 58, 111 = -4*z + t + k*t. Let n = -19 - z. What is the units digit of n?
8
Let l be 4 + 2/((-4)/2). Suppose 0 = -3*k + 5*j + 9, -5*k - 2*j = l*j - 15. Suppose -3*z = k*w - 21, -5*w - 3*z = -42 + 9. What is the units digit of w?
6
Let z = -7 + 5. What is the units digit of z*(30/(-4))/5?
3
Let g = 23 + -22. What is the units digit of g?
1
Let c be 830/15 + (-1)/3. Suppose -3*m + 50 = 2*m - 4*p, 5*m - 5*p - c = 0. What is the units digit of m?
6
Let v be (-2)/(-5 - -1)*-8. Let w be (-1 + 3)*18/v. Let y = 15 + w. What is the units digit of y?
6
Suppose 3*s = 5*d - 78, -5*d + s + s + 82 = 0. What is the units digit of (0 - -1) + d/9?
3
Let h(t) = 3*t + 3*t - 10*t. What is the units digit of h(-10)?
0
Suppose -43 = -0*u - u. Suppose 3*j = -4*q + 35, -3*j + 3*q + u = -q. What is the tens digit of j?
1
Let i(v) = 17*v**2 - v + 1. Let l be i(-3). Suppose 0 = -6*j + l + 41. What is the tens digit of j?
3
Let j = 7 - 4. Suppose -4*u + j*p - p + 2 = 0, u = 4*p + 18. What is the units digit of (u - 5/(-3))*-3?
1
Let u(y) be the third derivative of -y**4/8 - 2*y**2. Let g be (-6)/4*2/3. What is the units digit of u(g)?
3
Let q = 11 - 8. Let t = 9 - q. What is the units digit of t?
6
Let m = 10 - 10. Suppose 3*c - 5*c + 5*k + 11 = m, 3*c = -5*k + 54. What is the units digit of c?
3
Let s(y) = -y**2 + 19*y + 7. What is the tens digit of s(15)?
6
Suppose 0 = -6*p + 2*p + 5*n + 270, 5*p = -2*n + 321. What is the units digit of p?
5
Suppose 195 = 3*n - 4*w - w, -5*n = -3*w - 309. What is the units digit of n?
0
Let f = 57 + -16. Suppose u - f = -3*w, -w = u - 17 - 20. What is the units digit of u?
5
Let t(o) = -o**3 - 7*o**2 - 2*o + 3. Let m be t(-6). Let z = 35 + m. Suppose -3*h + 13 = -z. What is the units digit of h?
9
Let t(f) be the second derivative of -f**3/6 - f**2/2 + 2*f. Let q be t(-5). What is the units digit of (q/4)/((-2)/(-14))?
7
Suppose -2*a = -6, 0 = -3*v + 4*v + 2*a - 130. What is the hundreds digit of v?
1
Let b(w) = w - 5. Let k be b(5). Let c be (k - -1)/(4 + -3). What is the units digit of (-1 - 1)*(0 - c)?
2
Let l(d) = d**3 - 3*d**2 - d + 4. Let q be l(3). What is the tens digit of 2 - q - 44/(-2)?
2
Let z(y) = -9*y**2 - 5. Let a(f) = -10*f**2 - 6. Let w(j) = 6*a(j) - 7*z(j). What is the tens digit of w(2)?
1
Let i(u) = 1 - 5*u + 4 - u + 4*u**2 + u**3. Let q be ((-12)/18)/((-4)/(-30)). What is the units digit of i(q)?
0
Suppose 0 = -4*j - 4*l + 328, 2*j - 4*l - 214 = -20. What is the tens digit of j?
8
Suppose 6 + 6 = l. Suppose 3*g - l = -3, -5*r - 2*g + 41 = 0. What is the units digit of r?
7
Suppose -16 = -0*o - 4*o. Let x(t) = -t**3 - 7*t**2 + 8*t + 11. Let y be x(-8). Suppose -5*l + y = -o. What is the units digit of l?
3
What is the tens digit of (288/(-40))/((-3)/10)?
2
Let h(l) = -l**3 + 3*l**2 + 4*l. Let m be h(3). What is the units digit of 37 - (-4)/(m/(-3))?
6
Let s(b) = b + 5. Let f = -2 + 6. Suppose l = -f*l. What is the units digit of s(l)?
5
Let u be 72 - 7/(14/4). Suppose 5*j = -0*j + u. What is the units digit of j?
4
Let p(v) = -v**3 - v**2 - v - 2. Let h be p(-2). Suppose s = 0, h*u + 4*s + s = 56. What is the units digit of 4/u + 47/7?
7
Let c = 47 + -67. What is the units digit of (-15)/(-10)*c/(-6)?
5
Suppose 4*p = 3*p. Let u = p + -6. Let i(s) = -s + 4. What is the units digit of i(u)?
0
Let k = 296 + -131. What is the tens digit of k?
6
Let x(t) = t**3 - t**2 + 35. Let m be x(0). Suppose 0 = 2*r + j - 28, m = 2*r - 3*j - 9. What is the units digit of r?
6
Let u(o) = -o**3 - 25*o**2 - 8*o + 35. What is the units digit of u(-25)?
5
Let b(l) = -l**3 + 3*l**2 + 3*l - 4. Suppose -2*m = 3*m + 15. What is the tens digit of b(m)?
4
Let y(n) = 4*n**2. Let u be y(1). Let i = u - -14. What is the tens digit of i?
1
Let c = -60 - -87. What is the tens digit of c?
2
Let d(n) = n + 8. Let q be d(0). Let z(x) = 3*x**3 - x + 1. Let b be z(1). Let r = q - b. What is the units digit of r?
5
Let d be (-1 + 0)/((-2)